, 8243 - 35143 = -5*s - 2*l. What is the thousands digit of s?
5
Let v(g) = -3*g + 2. Let h be v(-1). Suppose -14 + 4 = -h*z. What is the units digit of (-2 + 12)*-31*(-1)/z?
5
Suppose -5*o - 4*f = 1747 + 130, 2*o + 760 = 3*f. Let s = -226 - o. What is the tens digit of s?
5
Let j(v) = -v**3 + 5*v**2. Let o be j(5). Suppose o*s = 2*s. What is the tens digit of (-36 + -12)/(s + -1)?
4
Suppose -2*f + 30139 = x + 2059, -5*f = x - 70206. What is the ten thousands digit of f?
1
Let f = -58808 + 107439. What is the hundreds digit of f?
6
Let j(i) = 2*i**2 + 14*i + 17. Let l be j(-11). Suppose 5 = d, 0*d - l = -4*m - d. Suppose f + m = 2*f. What is the tens digit of f?
2
Suppose 3*o - 78 - 51 = 0. Suppose -o*v + 7644 = -29*v. What is the tens digit of v?
4
Let r(v) = 11*v + 35. Let q be r(-13). Let b = 104 + q. Let y(t) = -40*t - 8. What is the hundreds digit of y(b)?
1
Let o = 523 - 525. What is the units digit of ((1248/(-30))/13)/(o/380)?
8
Let q = -11 + 26. Let b be 20/6 - (q/(-9) - -1). Suppose -2*t + 2*g + 66 = 0, -b*t = -0*t + g - 132. What is the tens digit of t?
3
Let u = 369 - 124. Suppose 3*b + w = 1075, -u - 117 = -b - 4*w. Suppose -p = 2*p + 5*d - b, -5*d = -25. What is the units digit of p?
1
Suppose 50*t + 50*t = 512000. What is the tens digit of t?
2
Suppose x = -3*r + 173, r - 3*x - 235 = -3*r. Let k = -784 + 1036. Suppose -r*p + 61*p = k. What is the units digit of p?
4
Let l(j) be the first derivative of -3*j**4/4 - j**3 + 3*j**2/2 - 3*j - 7. Let f be l(-5). What is the units digit of 8/12*f/4?
7
Suppose 10*k - 12374 - 15006 = 0. What is the units digit of k?
8
Suppose 7*j + 76 = 26*j. Suppose b + j*b - 5*f = 7305, -2*b - 2*f = -2906. What is the thousands digit of b?
1
Let x(z) = -15*z - 16. Suppose -2*q - 24 = 14. Let b = 8 + q. What is the tens digit of x(b)?
4
Suppose 24*i = 28*i - 120. Suppose 50 - i = 4*s. Suppose 7*j - 196 = s*j. What is the tens digit of j?
9
Suppose -279 = g - m - 10109, 5*m + 39327 = 4*g. What is the thousands digit of g?
9
What is the units digit of (-6 - (-3124 + -4)) + -7 + 1?
6
Suppose 18744 = 417*u - 409*u. What is the hundreds digit of u/6 + (18/(-4) - -5)?
3
Let j = -6 - 15. Let l be (-1)/(-7) + (-2034)/j. Suppose 5*b + l = 547. What is the units digit of b?
0
Suppose -2*f = 5*g - f + 13, -3*f = -4*g - 18. Let w be (g/12)/(1/(-12)). Suppose -83 = -w*o + 4*y, -2*y = -4*o + y + 120. What is the units digit of o?
3
Suppose 4*o + w - 205 = 1049, -3*w - 320 = -o. Let t = 529 - o. Suppose 0 = -5*l + 870 - t. What is the tens digit of l?
3
Let j = 50891 - 13815. Suppose 0 = -32*i + 6*i + j. What is the units digit of i?
6
Let m(w) = -2209*w - 418. Let l be m(-6). Suppose 0 = 18*s - 8800 - l. What is the tens digit of s?
0
Let v = -2867 + 3534. What is the hundreds digit of v?
6
Let h be 15/(-2)*3*-4. Let s = -1009 + 1014. Suppose -h = -s*u - 0*u. What is the tens digit of u?
1
Suppose 643 = 19*u - 20*u + 5*a, -3*a - 2595 = 4*u. What is the units digit of 1 - -2 - (5 + 5 + u)?
1
Let r = -3673 - -8011. Suppose r = 22*j - 6398. What is the units digit of j?
8
Let q = 295191 - 202321. What is the ten thousands digit of q?
9
Suppose 442 = 9*s - 620. Suppose 0 = -5*w - 33 + s. Let o(l) = 5*l - 38. What is the units digit of o(w)?
7
Let s = -84 + 86. Suppose 0 = 5*w + s*b - 1057, 2*w + 233 = 3*w - 5*b. What is the tens digit of w?
1
Let l = 19057 + -12369. What is the units digit of l?
8
Let x(g) = 123*g**2 - 24*g + 103. Let h(w) = -62*w**2 + 12*w - 52. Let p(q) = 5*h(q) + 3*x(q). What is the hundreds digit of p(4)?
9
Let w be (-2)/5 - (2 + 354/15). Let r = 28 + w. Suppose 2*x = -r, -u - 3*x + 18 = -3. What is the units digit of u?
4
Suppose -16 - 18 = -3*y - 5*s, 15 = 3*s. Let d be (-2 - -5 - 5) + 31. Let t = d - y. What is the tens digit of t?
2
Suppose -5*f = -3*z + 569, z - f - 30 = 163. Let v = z + 72. What is the tens digit of v?
7
Let w = -7084 - -10970. What is the thousands digit of w?
3
Let s be (-30)/195 - ((-79484)/13 - 2). Let y be (-2)/6 - s/(-33). Suppose 0 = 3*p, -i + 6*i + 5*p = y. What is the units digit of i?
7
Suppose h + 5819 = 2*a + 4*h, -2*h - 11646 = -4*a. Suppose -3634 - a = -17*m. What is the units digit of m?
5
Let b be (1/2)/((-2)/20). Suppose -4*x - 4*t = t - 90, x + 5*t - 45 = 0. What is the hundreds digit of 2139/x + (-6)/75*b?
1
Suppose 0 = -79*r + 70*r + 27. Suppose -758 - 1038 = -5*x + 2*u, r*u = -4*x + 1446. What is the tens digit of x?
6
Let n(q) = 4*q**2 - 21*q + 7. Let l = 92 - 82. Let y be n(l). Suppose 0 = 3*v - y - 124. What is the hundreds digit of v?
1
Suppose -3*i = -3*j + 87, -4*i + 14 = 3*j - 80. Suppose -2*d - 60 = -5*c, -5*d + 2*c = -6*d - j. Let v = d + 64. What is the units digit of v?
4
Let n = 21513 + -2680. What is the units digit of n?
3
Let m(j) = -j**3 + 51*j**2 - 235*j + 366. What is the tens digit of m(43)?
5
Suppose -561*n = -544*n - 132617. What is the hundreds digit of n?
8
Let f = 591 - -967. Let l = f - 1046. What is the tens digit of l?
1
Suppose -5*i + 28347 = 4*w, 5*i - 19759 - 8594 = -w. What is the units digit of i?
1
Let s = -194 + 271. Suppose -s*u + 1988 = -73*u. What is the hundreds digit of u?
4
Suppose -457*o + 17954756 = -16346440 + 8374672. What is the units digit of o?
2
Let f be 4/16 - 6245/20. Let o = -54 - f. What is the tens digit of o?
5
Suppose 3*o + 2*n = 80772, 3*o + 17*n - 80796 = 19*n. What is the hundreds digit of o?
9
Let c(d) = 4*d**2 - 4. Let r(h) = 3*h + 3. Let v be r(5). Let q be 352/(-198) + (-4)/v. What is the units digit of c(q)?
2
Let f(q) = 906*q**2 + 56*q - 214. What is the thousands digit of f(5)?
2
Suppose -3*m = -80*m - 20*m + 641849. What is the tens digit of m?
1
Let p be 75/18 + -4 - (-19)/(-6). What is the units digit of 4 + (-1201)/(-2) + p/(-6)?
5
Suppose -3*q + 3123 = 3*m - 2*m, -5*m + 15 = 0. Suppose 6*g - q = 178. What is the units digit of g?
3
Let w = 25985 - 11802. What is the tens digit of w?
8
Suppose 257 = 2*f - 307. Suppose u - 1064 - 328 = -5*d, d - u = f. What is the tens digit of d?
7
Let a(v) = -19920*v + 44. What is the ten thousands digit of a(-1)?
1
Let y be 13 + -6 + -2 + 0. Let r = 40 + -37. Suppose 3*s + 2*w - 20 = 0, y*w = -r*s + 8*s. What is the units digit of s?
4
Let x(j) = j**3 + 32*j**2 + 33*j + 62. Let c be x(-31). Suppose 3*r - 1436 = 4*i, c = 4*r + 3*i - 2*i - 1921. What is the hundreds digit of r?
4
What is the ten thousands digit of (4/(-6))/(2449398/128916 - 19)?
1
Let g(m) be the first derivative of m**3/3 + 9*m**2/2 - 22*m - 78. What is the units digit of g(-14)?
8
Suppose -714*y = -781*y + 311483. What is the tens digit of y?
4
Let f = 8824 - 5729. What is the hundreds digit of f?
0
Let o(j) = -2*j**2 + 65. Let g(a) be the third derivative of a**5/60 + 3*a**4/8 + 10*a**3/3 + 13*a**2. Let u be g(-4). What is the units digit of o(u)?
5
Let a(f) = 9*f**2 - 41*f + 26 - 36*f**2 - f**2 - f**3. What is the units digit of a(-27)?
4
Let z(o) = o**2 + 13*o - 12. Let b be z(-4). What is the tens digit of (549/6)/((-18)/b)?
4
Let m(h) = 4*h**2 - 3*h + 3. Let a(k) = -4*k**2 - 3 - 6*k + 16 - 1 + 3*k**2. Let w be a(-7). What is the units digit of m(w)?
8
Let m(j) be the second derivative of 6*j**3 - 159*j**2/2 - 3*j - 2. What is the units digit of m(25)?
1
Let x(k) = -8*k - 25. Let p be x(-3). Let u(c) = -34*c**2 + 2*c + 2. Let a be u(p). Let m = -12 - a. What is the units digit of m?
2
Suppose -p + 5*h = -31177, 4*p - 4*h - 124609 = 5*h. What is the ten thousands digit of p?
3
Let o(l) = 1534*l - 702. What is the ten thousands digit of o(9)?
1
Let b(m) = 198 - 3*m + 197 - 388 + 6*m**2. What is the units digit of b(-5)?
2
What is the units digit of ((-140)/(-14))/(-10) - -3733?
2
Let g = -851 + -240. What is the thousands digit of 2 - -2 - (g + 0)?
1
Let f be (1579/(-2) - 2)*4. Let l = f - -4507. What is the thousands digit of l?
1
Suppose 14*o + 58 = -3526. What is the hundreds digit of (-1*(-7432)/6)/(o/(-384))?
8
Let r(f) = 20*f**2 - 2 + 20*f**2 - 4*f - 5. Suppose -s - 51*p - 10 = -53*p, -5*s + 2 = 3*p. What is the units digit of r(s)?
1
Let s be -1*(-1)/(-2) - 43620/(-120). Suppose -3*k = 3*m - 564, 0 = 5*k - 3*m - s - 545. What is the tens digit of k?
8
What is the units digit of 40872300/1575 - (4/(-16))/((-6)/(-8))?
1
Suppose 8*u = 6*u + o + 2543, -5083 = -4*u + o. Let l = u